 - 0/(-3 + 0). Suppose -25 = -5*w, a*c - 7*w + 11*w - 48 = 0. Calculate the highest common factor of c and 7.
7
Let o = -2372 - -2410. Suppose 4*m - 8 = -2*d, -4*m - 16 = -0*m - 4*d. Suppose m = b - 27 - 11. Calculate the highest common factor of o and b.
38
Let m be (1 - 9 - -7)/(1/(-4)). Suppose 86 = 2*p - m*y, -2*y - 184 = -4*p - 6*y. What is the highest common factor of p and 27?
9
Suppose 5*l - 6 = 4*l. Suppose 2*x = 2*a + 344, 2*a = l*x - 3*x - 520. Calculate the highest common factor of x and 16.
16
Let a = -123 - -203. Suppose 3*s = -64 - a. Let k = s + 78. Calculate the greatest common divisor of 75 and k.
15
Suppose 53*l - 693 = 20*l. What is the greatest common factor of l and 27?
3
Let i(w) = 7*w - 6. Let u be i(6). Calculate the greatest common factor of 132 and u.
12
Let b(s) = 18*s + 9. Let y(g) = 1. Let c(u) = b(u) - 3*y(u). Let z be c(3). Suppose -3*o + 0*o = -36. Calculate the greatest common divisor of z and o.
12
Suppose 2*d - r - 37 = 0, 5*d - 4*r - 100 = -3*r. Suppose 13*f - 16*f = -d. Calculate the highest common factor of 77 and f.
7
Let h(c) = c - 8. Let o(m) = -m + 8. Let f(n) = 2*h(n) + 3*o(n). Let z be f(-10). What is the greatest common factor of z and 9?
9
Suppose -x - 10 = -12. Suppose -x*w - w = o + 5, -o - 11 = 5*w. Suppose 4 = -4*t, -t + 27 - 244 = -o*v. Calculate the greatest common factor of 135 and v.
27
Let j(c) = 35*c - 9*c - 128 + 127. Let n be j(1). What is the greatest common divisor of 25 and n?
25
Let z(x) = -3*x + 28. Suppose -4*q + 6*q - 24 = 0. Let b be z(q). Let c be (-2)/(b/12) + 2. Calculate the highest common divisor of c and 2.
1
Let b be (-14)/140 - 1005/(-50). Calculate the highest common factor of b and 1220.
20
Let g(z) = 12*z - 3. Let a be g(10). Calculate the highest common divisor of 39 and a.
39
Suppose 1 = -f + 9. Suppose 5 = 2*j + 35. Let a = j + 23. What is the highest common factor of f and a?
8
Let y = -148 - -334. What is the highest common factor of 31 and y?
31
Let x(t) = -6*t + 1. Let c = -19 - -15. Let h be x(c). What is the greatest common factor of 175 and h?
25
Suppose 0 = w + 3*w - 24. Let h(c) = c**2 + 6*c + 8. Let v be h(-5). Let y be (v/6)/((-1)/(-6)). What is the greatest common divisor of y and w?
3
Let n be (-9)/(-2) - 1/(-2). Suppose 0 = 5*o + n*i + 335, 2*o + 2*i + 149 = -3*i. Let d = -32 - o. Calculate the greatest common factor of d and 5.
5
Let s(z) be the first derivative of -5*z**2/2 - 5*z + 3. Let l be s(-4). Suppose 5*a - 1 = 3*t, 5*a - 8 = 2*t - 4. What is the highest common factor of t and l?
3
Let w = 7196 - 7190. Let v(f) = f**3 + 7*f**2 - 5*f. Let t be v(-6). Calculate the highest common divisor of t and w.
6
Suppose 2*p - 52 = -u + 1, u - 52 = -p. Suppose -136 = -7*l + 3*l. What is the greatest common divisor of l and u?
17
Let l(o) = 3*o**3 + 6*o**2 - 3*o + 2. Let j be l(5). Calculate the highest common factor of 64 and j.
64
Suppose -7*b = -z - 1868 - 1453, -5*b = -4*z - 2359. What is the greatest common factor of 175 and b?
25
Let b be 1/4 + 4/(80/415). What is the greatest common factor of b and 35?
7
Suppose 2*u = 6*u. Suppose u = -6*y + 2*y + 36. Let p be 15*(2 - 3/y). What is the highest common divisor of 25 and p?
25
Suppose 10*u - 223 - 27 = 0. Calculate the greatest common divisor of 625 and u.
25
Suppose 0 = 3*h - 2*h + 6*h. Suppose 2*g + 3*k = 59, -4*g + h*k = 3*k - 127. What is the greatest common divisor of g and 85?
17
Let l = 25 - 17. Let g be (34/(-6))/(l/(-24)). What is the greatest common divisor of g and 17?
17
Let g be (-1)/((-13)/(-14) + -1). Suppose -g = -4*h + 6. What is the greatest common factor of h and 55?
5
Let o(s) = s**2 + 7*s - 19. Let a be o(7). Let m = a + -47. Calculate the highest common factor of m and 288.
32
Suppose 5*j - 2*q - 29 = -q, -2*q - 28 = -5*j. Let u be (32/j)/(1/3). What is the highest common divisor of u and 112?
16
Let n(j) = -j**3 - 7*j**2 - 11*j + 4. Let t be n(-5). Calculate the greatest common factor of 45 and t.
9
Let u = -5 + 9. Let z be (4*-14)/(-8) + -7. Suppose -u*p + z - 8 = 0, 0 = 3*r + 2*p - 17. What is the highest common factor of r and 7?
7
Let g = 33 + -31. Let i be 10/5*(g - 15). Let u be 544/18 - i/(-117). Calculate the highest common factor of u and 240.
30
Let x = -31 - -26. Let q be x/(-2)*(-128)/(-5). Calculate the greatest common divisor of 160 and q.
32
Let b = -31 - -62. Let y = b + 33. Suppose 3*s - 32 = 3*j + y, 2*s - 3*j - 60 = 0. Calculate the greatest common divisor of s and 18.
18
Let g(k) = -14*k + 444. Let r be g(30). Let n = -3 - -9. Calculate the highest common divisor of n and r.
6
Suppose 4*z = z + 210. Let d(v) = -v**3 + 12*v**2 + 6. Let b be d(12). Suppose -5*t - y + z = -13, 2*y = b. What is the highest common divisor of t and 2?
2
Suppose 4*v = 2*h - 6, -6 = 3*h - 5*v - 16. Let o be (-99)/(-6)*(1000/30)/10. Calculate the greatest common factor of o and h.
5
Let k = 203 + -7. What is the highest common divisor of 4 and k?
4
Let a(u) = -u - 4. Let f be a(3). Let v = f - -3. Let z be 587/5 - v/(-10). What is the greatest common divisor of 13 and z?
13
Suppose -3*s - 5*k = -5*s + 114, 0 = 2*k. Suppose -4*l - 155 = -4*g - 19, 3*l + 98 = 4*g. Let f = s - l. Calculate the highest common divisor of 19 and f.
19
Suppose 90 = n - 0*n. Let g be -25 - (-3 + 1 + 2). Let q be (-96)/(-10) + (-10)/g. Calculate the highest common divisor of n and q.
10
Suppose 0 = d - 2 + 1. Suppose 0 = w - 9 - d. Suppose 5 = r - w. Calculate the greatest common divisor of 135 and r.
15
Let p be 235122/57 + (-4)/(-76). Calculate the greatest common factor of 33 and p.
33
Let c(x) = -x**2 - 5*x + 5. Let h be c(-4). Let q(s) = 3*s**2 + s + 9. Let l be q(h). What is the greatest common factor of l and 29?
29
Let o be 27/(-3)*(-5)/(105/371). Calculate the highest common divisor of o and 106.
53
Let w = 552 - 550. What is the greatest common divisor of w and 46?
2
Suppose -7404 = -7*h + 4*m, -19*m = -5*h - 21*m + 5274. What is the greatest common factor of 33 and h?
33
Let i be 76*15/60 - (-14)/(-2). What is the greatest common divisor of 300 and i?
12
Let m(w) = 12*w - 14. Let b be m(3). Suppose -2*d - 4*h + 18 = 0, 2*d - b = -2*h + 2. Suppose s + 12 = 3*s. What is the highest common divisor of s and d?
3
Let d(x) = -5*x**3 - x. Let i be d(1). Let k(l) = 13*l**2 + 8. Let m be k(i). Suppose -6*g = -10 - m. What is the greatest common divisor of g and 27?
27
Let h = -2 - -10. Let b be (-2510)/(-40) + 2/h. Let d = -22 - -64. Calculate the greatest common divisor of b and d.
21
Let m be (-15 + (-414)/(-42))*(-406)/4. Calculate the greatest common divisor of 957 and m.
87
Let v(f) = f**2 + f - 9. Let s be v(-4). Let i(k) = k**3 + 20*k**2 - 43*k + 40. Let z be i(-22). Calculate the greatest common factor of z and s.
3
Suppose 0 = 7*r - 4*r - 15. Suppose r*j - 115 = 5*v, -2*v = 4*j - 0*j - 62. What is the highest common factor of 144 and j?
18
Suppose 3*s - 5*s + 5*m = -55, -5*m = 5*s - 190. Suppose -4*z = -0 - 16, -h - z = -8. Let u = 9 - h. What is the highest common factor of u and s?
5
Let t be (-2)/5 + 17/5. Let l(n) = -n**2 + 7*n + 48. Let p be l(0). Calculate the greatest common divisor of t and p.
3
Let p = 3018 - 1243. Suppose -10*c + p = -145. Suppose 0 = -0*s - 3*s + 2*h + 72, 96 = 4*s + 5*h. What is the highest common factor of s and c?
24
Let d(k) = 3*k**2 + 1. Let l be d(-4). Let v(t) = 23*t + 53. Let i be v(-2). Calculate the greatest common divisor of i and l.
7
Let c = 144 + -152. Let u be 104/64*6 + 6/c. What is the highest common divisor of u and 135?
9
Let y(n) = 17*n - 67. Let z be y(5). Calculate the greatest common factor of 108 and z.
18
Suppose 55*u = 82*u - 18090. Calculate the greatest common factor of 10 and u.
10
Let w be 1*(-1)/(-1) - -45. Suppose -6*u + w = -2. Calculate the highest common factor of 88 and u.
8
Suppose -5*l = u - 6, 3*l + l - 9 = -5*u. Let j = l - 0. What is the highest common divisor of j and 11?
1
Let x be (3 + -3)*1/2. Suppose -4*b = -x*b + 4. Let v be 51/3 - -3 - b. Calculate the highest common divisor of 14 and v.
7
Let a = 72 - 15. Let j(p) = -p**2 - 14*p + 34. Let r be j(-17). Let o = r + a. What is the highest common divisor of o and 16?
8
Suppose 3*v - i = 145, 4*i - 14 - 222 = -5*v. Let m = -1828 - -1844. Calculate the highest common factor o